ose k = 3*u - 4*w + 2*w, -7 = 2*u + 3*w. What is the units digit of 2/(-1 - -3) + u?
2
Let h = -123 - -173. What is the tens digit of h?
5
Let m = -86 + 285. What is the hundreds digit of m?
1
Let s(x) = -6*x**3 + x**2 + x. Let g be s(-1). Suppose -2*u + 17 = l, 3 = l + u - g*u. What is the units digit of l?
3
Suppose 4*w + 17 = 3*p - 4, -p + 3 = 0. Let c(v) = -v**3 + v**2 + 3*v + 3. Let h be c(-2). Let y = w + h. What is the units digit of y?
6
Suppose q + 27 = -4*m - 2*q, 3*q = 3*m - 6. What is the units digit of m/(9/4)*-6?
8
Suppose 3*q + 1 = 13. Suppose -z + q = z. What is the units digit of (1 - (-2 - -1))*z?
4
Let d = 27 + -14. Let s = -4 + d. What is the units digit of s?
9
Suppose -66 = -13*y + 11*y. What is the tens digit of y?
3
Suppose -40 = -5*z + 90. What is the tens digit of z?
2
Let b(a) = 7*a**3 + a**2 - 1. Let k be b(1). Let d = k + 2. What is the units digit of d?
9
Let t = 10 - -19. What is the units digit of t?
9
Suppose 12 = 6*o - 2*o. Suppose 16 = p + 3*i, -o*p - i = -4*i. Suppose -p*x = -4*z + 4, 2*x + 5 = 5*z - 12. What is the units digit of z?
5
Suppose b + 3*i = 18, 1 + 18 = 3*b + 2*i. What is the units digit of 8/(-4) + (b - -1)?
2
Suppose 4*y - 3 = 5. Suppose -79 = -y*w - w + 2*m, -66 = -2*w + 4*m. What is the tens digit of w?
2
Let d(t) = t + 19. Let b be d(-13). Suppose -4*p - q + 3 = 0, 2*q = -3*p + 2 - b. What is the units digit of p?
2
What is the units digit of (-8)/6*(-6)/4?
2
Let x(l) = 9*l**2 - 5*l**2 + 3*l**2 - 1. What is the units digit of x(1)?
6
Suppose -3*x - x = 2*h - 20, 3*x + h - 14 = 0. Suppose -x*p - 15 = -7*p. What is the units digit of p?
5
Let d = 9 + -7. Suppose 3*k - d = 58. What is the tens digit of k?
2
Let f = 7 - 22. Let h = 16 + f. What is the units digit of h?
1
Suppose 0*k = k - 1. Let g = 13 + k. What is the units digit of g?
4
Let p(t) be the third derivative of t**7/5040 - t**6/720 + t**5/20 + t**2. Let i(a) be the third derivative of p(a). What is the units digit of i(6)?
5
Suppose -t = -3*f - 165, t + f - 323 = -t. What is the hundreds digit of t?
1
Let x(o) = -o**3 + 9*o**2 - 2*o - 12. What is the tens digit of x(7)?
7
What is the tens digit of (-4)/((-100)/2815) - 12/20?
1
Let m = 292 - 206. What is the units digit of m?
6
What is the tens digit of 2/(-3)*(-4350)/29?
0
What is the units digit of (8/6)/(124/30 + -4)?
0
Let q be 14/(-21) - 20/6. Let o = -3 - q. Suppose 11 = l - u, 3*l + 7*u - o = 2*u. What is the units digit of l?
7
Let u(v) = 191*v - 1. Let w be u(1). What is the units digit of 2/(-9) - w/(-45)?
4
Suppose 1 + 29 = 2*x. What is the units digit of x?
5
Let c = 67 - 8. What is the tens digit of c?
5
Let f(y) = -y**2 - 8*y - 7. Let m be f(-7). Let t(o) = o**2 + o + 6. Let c be t(m). What is the tens digit of 44/6*c/4?
1
Let a(i) = i**3 - 14*i**2 - 9*i - 12. What is the units digit of a(15)?
8
Let r(s) = s. Let m be r(4). Suppose m + 3 = l. What is the units digit of l?
7
Let m be (4/10)/(10/25). Let b be 1 + m + (6 - -4). Suppose -o = f - 9, -3*f + b = 2*o - 4*f. What is the units digit of o?
7
Let o = 2 + -4. Let h be (-5)/o*(-12)/(-15). What is the units digit of 114/42 + h/7?
3
Let a(m) = -m**3 - 5*m**2 + 4*m - 7. Let y(x) = -x**2 + 6*x + 10. Let t be y(8). What is the units digit of a(t)?
5
Let q(v) = 3 - 5 - 5*v + 0. Let c be 2 + -2 - (5 - 3). What is the units digit of q(c)?
8
Let x(y) = -11*y + 13. What is the units digit of x(-4)?
7
Let w be 3*(2 + (-8)/12). What is the units digit of w/(-6)*24/(-16)?
1
Suppose 3*v - 18 = v. Let k = 7 + v. What is the units digit of k?
6
Suppose 0 = 4*b - 5 - 7. Suppose -4 + b = -c. Suppose -4*q + c = -3*v, 5*v - 3*q - 6 = -4*q. What is the units digit of v?
1
Let q(m) = -m + 10. Let b be q(5). Suppose -g + 1 - 4 = -i, b*g = 4*i - 15. Let x = g - -5. What is the units digit of x?
2
Suppose 1 = 2*s - 3. Suppose 21 = s*v - 33. What is the units digit of v?
7
Let z(u) = -2*u**3 + 1 + 38*u + 3*u**2 - 35*u + u**3. What is the tens digit of z(3)?
1
Let p(s) be the first derivative of s**3/3 + s**2 + 4*s - 2. What is the tens digit of p(-4)?
1
Let c = 1 - 1. Suppose -m + 0*u + u = 0, 4*m - u = 3. Suppose q + 0 - m = c. What is the units digit of q?
1
Let g be 3 + 1 + 0 + -2. Let t = g + 6. Let w = t + -2. What is the units digit of w?
6
Suppose -21*s + 9*s + 1584 = 0. What is the tens digit of s?
3
Let c be 1 - (0 + 3)/(-3). Suppose -6 = a - c*a. What is the tens digit of ((-68)/(-6))/(a/9)?
1
Let y(b) = -b**2 + 6*b + 5. Suppose 2*j = -2*j + 28. Suppose -c - 3*g - 1 = 0, -j*g = -3*g + 8. What is the units digit of y(c)?
0
Let d(l) = -l**3 + 4*l**2 + 7*l + 2. What is the tens digit of d(5)?
1
Suppose i + i = 0. Suppose 0 = 4*v + 5*k - 12, i*v + k = -v + 3. Suppose 0 = -2*c + v*p + 29, 0*c = -3*c - 2*p + 11. What is the units digit of c?
7
Suppose 3*t + 4*s = 2*s + 1145, -2*t + 760 = -2*s. What is the units digit of t?
1
Let m(k) = k**3 - 5*k**2 - 7*k + 1. Let o be m(6). Let l = 19 + o. What is the units digit of l?
4
Suppose 11 = 3*u + 2. Suppose u*c - 5 = -2*c. What is the units digit of c?
1
Suppose 5*s - s - 12 = 0. What is the units digit of (4 - 6/s) + 2?
4
Let s = -10 + 21. What is the units digit of s?
1
Let g be 18/9 + 0/(-1). Let v(w) = 15*w + 2. What is the units digit of v(g)?
2
Let x(h) = -4*h**3 + 2 - 5*h - h**3 + 6*h**2 + 4*h**3. Let z be x(4). What is the units digit of (4/6)/(z/189)?
9
Let f be 6/6 - 1/(-1). Let y = 6 - f. What is the units digit of y?
4
Let x = 12 + 1. Suppose 3*d - 5*w - 67 = 0, -x = d - 2*d + 4*w. What is the tens digit of d?
2
Let z = -8 - -11. Suppose 3 = z*u - 12. Suppose -22 = -u*o + 13. What is the units digit of o?
7
Let m = 166 + -61. What is the tens digit of m?
0
Suppose -3*i + 5*i - 62 = 0. Suppose -2*r - a - 2 = -5, i = 4*r - 3*a. What is the units digit of r?
4
Let r = 13 - -23. What is the units digit of r?
6
Suppose 5*h + 519 = 3*l + 27, -h + 315 = 2*l. What is the hundreds digit of l?
1
Suppose 0 = -h - 5, 5*t - 3*h - 44 - 21 = 0. What is the tens digit of t?
1
Let c be ((-24)/20)/((-3)/15). Suppose 2*g = c*g. Suppose -16 = -y - g*y. What is the units digit of y?
6
Suppose 2*q = q + 129. What is the hundreds digit of q?
1
Suppose 5*k + 15 = 10*k. Suppose -k*h - 2*h = -45. What is the units digit of h?
9
Let t = -13 + 30. Suppose -t + 2 = -5*l. What is the units digit of l?
3
Let h(a) = 9*a**2 - 1. Let v(z) = -2*z - z**2 + z - z**2. Let b be v(-1). What is the units digit of h(b)?
8
What is the units digit of ((-4)/(-12))/(1/18)*23?
8
Suppose 2*f + 119 = 4*j - 19, -j = 5*f - 62. Let i be -1*(-2)/2*j. Suppose -i + 3 = -3*p + 5*w, 3*p - 3*w - 24 = 0. What is the units digit of p?
3
Suppose 5 = -c + 15. Let s = -8 + c. What is the units digit of s?
2
Let s(k) = 20*k**2 + k + 1. Let z = 12 + -13. What is the units digit of s(z)?
0
Let f = 93 - 50. Let d = f + -19. Suppose -5*h - d = -3*i + 9, 0 = 4*i - 3*h - 55. What is the tens digit of i?
1
Let y = -6 - -4. Suppose -1 + 5 = -4*k. What is the units digit of (-3)/(k + y/4)?
2
Let i(k) = 0*k**2 + k**2 + 1 + 2*k + 0*k**2. What is the units digit of i(-4)?
9
Let r = -52 + 78. Suppose 3*y + r = 2*g, 0*y = -5*g - 2*y + 27. What is the units digit of g?
7
Let v = -81 + 120. What is the units digit of v?
9
Let h be (-1)/3 + 7/3. Let u = -2 + h. Let l = u + 1. What is the units digit of l?
1
Let b be (-10)/4*30/25. What is the tens digit of 1/(b/(-63)) - 2?
1
Suppose -4*t - 549 = -13*t. What is the tens digit of t?
6
Let d = 0 - -1. Suppose -5*r = -14 - d. Suppose 0 = -r*k + 1 + 2. What is the units digit of k?
1
Let q(j) = -j**2 - 3. Let g be q(4). Suppose -4*m + 105 = -5*i, -5*m + 2*i + 144 = -0*i. Let h = g + m. What is the tens digit of h?
1
Let j(f) = f - 1. Let n be j(-6). Let z = 7 - n. Let a = z + -7. What is the units digit of a?
7
What is the tens digit of -46*1/(-2) - 3?
2
Let w = 1 + 29. What is the units digit of w?
0
Let z = 91 + -52. Let x = 64 - z. What is the tens digit of x?
2
Let m = 26 + 28. What is the units digit of m?
4
Let m(r) = 12*r**3 + 2*r - 1. Let d be m(1). Let q = d - 2. What is the units digit of q?
1
Let d = -1 - -1. Suppose 4*a + 5*i + 1 = d, -3*a + 11 + 12 = -i. Suppose -2*h + v + 16 = 0, 3*h - v - 31 = -a. What is the units digit of h?
9
Let k = 63 - -9. What is the units digit of k?
2
Let c(k) = 3*k + 11